{"id":29,"date":"2020-11-03T12:16:03","date_gmt":"2020-11-03T11:16:03","guid":{"rendered":"http:\/\/klimatdialogen.test\/?page_id=29"},"modified":"2021-05-20T07:16:22","modified_gmt":"2021-05-20T05:16:22","slug":"vad-du-kan-krava","status":"publish","type":"page","link":"https:\/\/www.prisdialogen.se\/klimatdialogen\/for-kunder\/vad-du-kan-krava\/","title":{"rendered":"Vad du kan kr\u00e4va"},"content":{"rendered":"<p>Klimatarbetsplanen och protokollet fr\u00e5n samr\u00e5dsm\u00f6tet, tillsammans med eventuella synpunkter, skickar leverant\u00f6ren till Prisdialogens kansli. Styrelsen f\u00f6r Prisdialogen tar sedan st\u00e4llning till klimatarbetsplanen och om medlemskap i Klimatdialogen.<\/p>\n<h3>Som kund kan du kr\u00e4va<\/h3>\n<ul>\n<li>att fj\u00e4rrv\u00e4rmeleverant\u00f6rer som \u00e4r med i Klimatdialogen f\u00f6ljer Prisdialogens och Klimatdialogens regler och arbetsmetod<\/li>\n<li>en plattform f\u00f6r ett gemensamt arbete f\u00f6r klimatf\u00f6rb\u00e4ttrande \u00e5tg\u00e4rder<\/li>\n<\/ul>\n","protected":false},"excerpt":{"rendered":"<p>Klimatarbetsplanen och protokollet fr\u00e5n samr\u00e5dsm\u00f6tet, tillsammans med eventuella synpunkter, skickar leverant\u00f6ren till Prisdialogens kansli. Styrelsen f\u00f6r Prisdialogen tar sedan st\u00e4llning till klimatarbetsplanen och om medlemskap i Klimatdialogen. Som kund kan du kr\u00e4va att fj\u00e4rrv\u00e4rmeleverant\u00f6rer som \u00e4r med i Klimatdialogen f\u00f6ljer Prisdialogens och Klimatdialogens regler och arbetsmetod en plattform f\u00f6r ett gemensamt arbete f\u00f6r klimatf\u00f6rb\u00e4ttrande \u00e5tg\u00e4rder<\/p>\n","protected":false},"author":1,"featured_media":0,"parent":20,"menu_order":0,"comment_status":"closed","ping_status":"closed","template":"","meta":{"footnotes":""},"class_list":["post-29","page","type-page","status-publish","hentry"],"_links":{"self":[{"href":"https:\/\/www.prisdialogen.se\/klimatdialogen\/wp-json\/wp\/v2\/pages\/29","targetHints":{"allow":["GET"]}}],"collection":[{"href":"https:\/\/www.prisdialogen.se\/klimatdialogen\/wp-json\/wp\/v2\/pages"}],"about":[{"href":"https:\/\/www.prisdialogen.se\/klimatdialogen\/wp-json\/wp\/v2\/types\/page"}],"author":[{"embeddable":true,"href":"https:\/\/www.prisdialogen.se\/klimatdialogen\/wp-json\/wp\/v2\/users\/1"}],"replies":[{"embeddable":true,"href":"https:\/\/www.prisdialogen.se\/klimatdialogen\/wp-json\/wp\/v2\/comments?post=29"}],"version-history":[{"count":7,"href":"https:\/\/www.prisdialogen.se\/klimatdialogen\/wp-json\/wp\/v2\/pages\/29\/revisions"}],"predecessor-version":[{"id":234,"href":"https:\/\/www.prisdialogen.se\/klimatdialogen\/wp-json\/wp\/v2\/pages\/29\/revisions\/234"}],"up":[{"embeddable":true,"href":"https:\/\/www.prisdialogen.se\/klimatdialogen\/wp-json\/wp\/v2\/pages\/20"}],"wp:attachment":[{"href":"https:\/\/www.prisdialogen.se\/klimatdialogen\/wp-json\/wp\/v2\/media?parent=29"}],"curies":[{"name":"wp","href":"https:\/\/api.w.org\/{rel}","templated":true}]}}

Vad du kan kräva

<p>Klimatarbetsplanen och protokollet från samrådsmötet, tillsammans med eventuella synpunkter, skickar leverantören till Prisdialogens kansli. Styrelsen för Prisdialogen tar sedan ställning till klimatarbetsplanen och om medlemskap i Klimatdialogen.</p>
<h3>Som kund kan du kräva</h3>
<ul>
<li>att fjärrvärmeleverantörer som är med i Klimatdialogen följer Prisdialogens och Klimatdialogens regler och arbetsmetod</li>
<li>en plattform för ett gemensamt arbete för klimatförbättrande åtgärder</li>
</ul>

<p>Klimatarbetsplanen och protokollet från samrådsmötet, tillsammans med eventuella synpunkter, skickar leverantören till Prisdialogens kansli. Styrelsen för Prisdialogen tar sedan ställning till klimatarbetsplanen och om medlemskap i Klimatdialogen. Som kund kan du kräva att fjärrvärmeleverantörer som är med i Klimatdialogen följer Prisdialogens och Klimatdialogens regler och arbetsmetod en plattform för ett gemensamt arbete för klimatförbättrande åtgärder</p>
